{"id":272,"date":"2018-11-13T14:05:48","date_gmt":"2018-11-13T13:05:48","guid":{"rendered":"http:\/\/wp13275824.server-he.de\/wordpress\/?page_id=272"},"modified":"2023-02-14T08:02:41","modified_gmt":"2023-02-14T07:02:41","slug":"termine","status":"publish","type":"page","link":"http:\/\/www.alania-aachen.de\/wordpress\/termine\/","title":{"rendered":"Termine"},"content":{"rendered":"<h3>Herzliche Einladung an alle Freunde und G\u00e4ste, Bundes- und Verbandsbr\u00fcder, G\u00e4ste und unsere Damen!<\/h3>\n<p>G\u00e4ste sind herzlich eingeladen, an allen Terminen, mit Ausnahme der Convente und Mensurtage, teilzunehmen. Unsere verehrten Damen sind zu allen Veranstaltungen, mit Ausnahme der Kneipen, Convente und Mensurtage, herzlich willkommen! Interessenten und G\u00e4sten sei besonders der w\u00f6chentliche &#8220;Offene Bundesabend&#8221; empfohlen. Soweit nicht anders vermerkt, finden alle Termine &#8220;auf dem Haus&#8221;, Krefelder\u00a0Stra\u00dfe\u00a024 statt und beginnen 20.00\u00a0Uhr. R\u00fcckfragen bitte unter (0241)\u00a0152341.<\/p>\n<h4 class=\"termine\">Semesterprogramm<\/h4>\n<ul>\n<li><a href=\"http:\/\/www.alania-aachen.de\/wordpress\/events\/\">Unsere aktuellen Termine und eine Terminvorschau<\/a><\/li>\n<\/ul>\n<h4 class=\"termine\">Regionale und \u00fcberregionale Alanen-Stammtische<\/h4>\n<ul>\n<li><a href=\"http:\/\/www.alania-aachen.de\/wordpress\/alanen-stammtische-regionale-und-ueberregionale-veranstaltungen\/\">Aktuelle Termine, Ansprechpartner und Informationen<\/a><\/li>\n<\/ul>\n<h4 class=\"termine\">Regelm\u00e4\u00dfige Termine<\/h4>\n<ul>\n<li>Offener Bundesabend f\u00fcr alle <strong>jeden Mittwoch<\/strong> ab 20.00\u00a0Uhr auf dem Haus<\/li>\n<li>AH-Stammtisch an jedem <strong>dritten Mittwoch im Monat<\/strong> um 19.30 Uhr auf dem Haus<\/li>\n<li>VaB-Stammtisch an jedem <strong>ersten Mittwoch<\/strong> im Monat um 20.00\u00a0Uhr auf dem Alanenhaus<\/li>\n<li><strong>Erstsemesterberatung<\/strong> nach individueller Vereinbarung<\/li>\n<li>Sport- und Fechtstunden finden w\u00f6chentlich nach Absprache statt<\/li>\n<\/ul>\n<h4 class=\"termine\">Alanen-Segelt\u00f6rn<\/h4>\n<ul>\n<li>Alanen-Segelt\u00f6rn der <strong>j\u00fcngeren<\/strong> Alten Herren:<\/li>\n<li>Termin: \u00fcblicherweise immer im Fr\u00fchjahr<\/li>\n<li>Anmeldung \u00fcblicherweise bei Bbr. Schomaker.<\/li>\n<\/ul>\n<ul>\n<li>Alanen-Segelt\u00f6rn der <strong>\u00e4lteren<\/strong> Alten Herren:<\/li>\n<li>Weitere Informationen bei Bbr.\u00a0Lehmk\u00fchler<\/li>\n<\/ul>\n<h4 class=\"termine\">Stiftungsfest, Nikolausfest und Trauerkneipen<\/h4>\n<ul>\n<li>Das Stiftungsfest findet immer an dem auf Fronleichnam folgenden Wochenende statt.<\/li>\n<li>Das Nikolausfest findet immer an dem Samstag vor dem 2. Advent statt.<\/li>\n<li>Die Trauerkneipe (bei Bedarf) findet immer am 1. Samstag des Novembers statt.<\/li>\n<\/ul>\n<p>\u2192 Die konkreten Termine sind stets dem <a href=\"http:\/\/www.alania-aachen.de\/wordpress\/events\/\">Terminkalender<\/a> zu entnehmen.<\/p>\n","protected":false},"excerpt":{"rendered":"<p>Herzliche Einladung an alle Freunde und G\u00e4ste, Bundes- und Verbandsbr\u00fcder, G\u00e4ste und unsere Damen! G\u00e4ste sind herzlich eingeladen, an allen Terminen, mit Ausnahme der Convente und Mensurtage, teilzunehmen. Unsere verehrten Damen sind zu allen Veranstaltungen,<a class=\"read-more\" href=\"http:\/\/www.alania-aachen.de\/wordpress\/termine\/\">Continue reading<\/a><\/p>\n","protected":false},"author":1,"featured_media":0,"parent":0,"menu_order":0,"comment_status":"closed","ping_status":"closed","template":"","meta":{"footnotes":""},"_links":{"self":[{"href":"http:\/\/www.alania-aachen.de\/wordpress\/wp-json\/wp\/v2\/pages\/272"}],"collection":[{"href":"http:\/\/www.alania-aachen.de\/wordpress\/wp-json\/wp\/v2\/pages"}],"about":[{"href":"http:\/\/www.alania-aachen.de\/wordpress\/wp-json\/wp\/v2\/types\/page"}],"author":[{"embeddable":true,"href":"http:\/\/www.alania-aachen.de\/wordpress\/wp-json\/wp\/v2\/users\/1"}],"replies":[{"embeddable":true,"href":"http:\/\/www.alania-aachen.de\/wordpress\/wp-json\/wp\/v2\/comments?post=272"}],"version-history":[{"count":5,"href":"http:\/\/www.alania-aachen.de\/wordpress\/wp-json\/wp\/v2\/pages\/272\/revisions"}],"predecessor-version":[{"id":1050,"href":"http:\/\/www.alania-aachen.de\/wordpress\/wp-json\/wp\/v2\/pages\/272\/revisions\/1050"}],"wp:attachment":[{"href":"http:\/\/www.alania-aachen.de\/wordpress\/wp-json\/wp\/v2\/media?parent=272"}],"curies":[{"name":"wp","href":"https:\/\/api.w.org\/{rel}","templated":true}]}}